Determine i(1).
-15
Let h(o) = -8*o - 2. Determine h(-1).
6
Let l(f) = 3*f. Give l(16).
48
Let n(b) = -35*b**3 + 3*b - 2. Determine n(1).
-34
Let t(f) = f**3 + 11*f**2 - 12*f - 6. Give t(-12).
-6
Let t(q) = 4*q**2 - 3. Give t(-2).
13
Let z(s) = s + 16. Give z(-21).
-5
Let u(b) = -6*b**2 + 3*b - 5. Give u(3).
-50
Let j(p) = p**3 + 37*p**2 + p + 45. Calculate j(-37).
8
Let u(h) = -3*h - 15. Calculate u(10).
-45
Let h(o) = 16*o + 29. What is h(-6)?
-67
Let l(o) = -o - 9. Determine l(14).
-23
Let a(g) = 16*g. Give a(-1).
-16
Let k(c) = -3*c - 20. Calculate k(-9).
7
Let m(y) = -24*y - 31. Give m(6).
-175
Let u(g) = g**2 - 12*g - 44. Determine u(12).
-44
Let k(r) = r**2 + r - 76. Give k(-9).
-4
Let g(b) = 3*b - 1. Calculate g(2).
5
Let r(v) = 11*v - 33. Determine r(0).
-33
Let m(u) = u**3 - 2*u**2 + 7*u + 1. Calculate m(3).
31
Let x(c) = c**2 + c - 36. Determine x(-6).
-6
Let j(k) = 4*k + 4. Calculate j(-4).
-12
Let x(n) = -43*n**3 + 2*n**2 - 2*n + 1. Calculate x(1).
-42
Let a(d) = -d**2 - 3*d + 4. Calculate a(4).
-24
Let a(l) = 4*l**2 - 23*l - 11. Calculate a(6).
-5
Let n(h) = -h**3 + 12*h**2 + 13*h + 6. What is n(13)?
6
Let y(a) = -11*a - 136. Give y(-13).
7
Let i(u) = 9*u - 41. Calculate i(8).
31
Let s(w) = w**2 - 7*w + 1. What is s(4)?
-11
Let h(m) = m**2 - 4*m - 3. Give h(5).
2
Let t(h) = h**3 + 4*h**2 - 7*h - 7. Calculate t(-5).
3
Let l(h) = -h**3 - h**2 - 4*h + 4. Give l(1).
-2
Let q(g) = 3*g**2 + 5*g - 2. Give q(-4).
26
Let q(f) = 13*f - 72. Give q(4).
-20
Let t(s) = 5*s - 126. Give t(26).
4
Let q(f) = f**3 - 8*f**2 + 9*f - 3. Determine q(7).
11
Let m(z) = -z**2 + 18*z - 46. Calculate m(13).
19
Let n(r) = r**3 - 9*r**2 + 9*r - 8. Give n(8).
0
Let n(f) = -f**2 + 11*f - 14. What is n(8)?
10
Let n(c) = -2*c - 7. Give n(-3).
-1
Let y(p) = -53*p - 1066. Give y(-20).
-6
Let r(w) = w + 29. Give r(-12).
17
Let y(j) = -3*j + 31. Give y(9).
4
Let t(l) = -3*l**2 - 3*l + 14. Give t(7).
-154
Let p(f) = 11*f**3 - 2*f**2. Give p(1).
9
Let r(c) = c**2 - 14*c - 91. Determine r(20).
29
Let h(y) = -6*y + 93. What is h(8)?
45
Let b(j) = -3*j**2 - 4*j + 11. What is b(3)?
-28
Let s(l) = 22*l + 137. Give s(-5).
27
Let z(o) = -o**3 - 5*o**2 - 6. What is z(-5)?
-6
Let l(d) = 5*d + 12. What is l(-2)?
2
Let l(h) = -h**2 + 4*h. Determine l(4).
0
Let j(q) = 2*q**2 + 7*q + 4. Calculate j(-5).
19
Let l(h) = -12*h + 160. Give l(13).
4
Let n(v) = v + 3. Give n(-7).
-4
Let q(x) = -188*x + 1129. Determine q(6).
1
Let v(x) = 18*x**3 - x. Determine v(1).
17
Let j(f) = -f + 21. Calculate j(19).
2
Let d(g) = -34*g + 35. Determine d(2).
-33
Let j(h) = h**3 - 5*h**2 + 16*h - 43. Calculate j(4).
5
Let a(d) = d**2 - 10*d - 2. Give a(10).
-2
Let j(a) = a**3 - 29*a**2 + 154*a - 3. Give j(22).
-3
Let f(x) = 3*x + 8. What is f(0)?
8
Let f(p) = -17*p**3 - p**2 + p - 1. Determine f(1).
-18
Let x(y) = 3*y**3 - 45*y**2 - y + 22. What is x(15)?
7
Let r(x) = -57*x - 55. Calculate r(-1).
2
Let u(z) = 2*z. Give u(-3).
-6
Let w(x) = 2*x + 4. What is w(7)?
18
Let g(a) = 2*a**2 + 42*a - 2. What is g(-21)?
-2
Let q(j) = -j**2 - j + 5. Calculate q(0).
5
Let a(f) = 3*f**2 + 2*f - 3. Calculate a(-3).
18
Let c(q) = -q**2 + 51. Determine c(0).
51
Let k(r) = r**3 + 11*r**2 + 13*r - 7. Calculate k(-8).
81
Let z(h) = -4*h + 18. Determine z(17).
-50
Let t(m) = 3*m - 28. What is t(-4)?
-40
Let i(a) = -2*a**3 - 78*a**2 - 4*a - 161. Give i(-39).
-5
Let p(t) = -6*t + 33. Calculate p(7).
-9
Let k(g) = -g**3 + 7*g**2 - 5*g - 7. Calculate k(6).
-1
Let a(q) = -3*q**2 - 7*q + 3. Determine a(-4).
-17
Let t(g) = 3*g**3 - 2*g**2 + 2*g + 1. Calculate t(2).
21
Let b(p) = -p**2 + 8*p + 34. Determine b(-9).
-119
Let x(w) = w**3 - 4*w**2 - 3*w - 13. What is x(5)?
-3
Let c(d) = -2*d**3 + 4*d**2 + 5*d + 4. What is c(-2)?
26
Let s(t) = 4*t - 59. Calculate s(11).
-15
Let v(i) = 14*i. Determine v(1).
14
Let j(u) = 4*u - 9. Calculate j(-8).
-41
Let b(f) = f**3 + f**2 - 6*f - 28. Give b(-3).
-28
Let j(z) = -10*z**2 - 5*z - 5. Determine j(-3).
-80
Let q(k) = -44*k - 310. Determine q(-7).
-2
Let n(s) = 2*s**3 + 9*s**2 + 2*s - 13. What is n(-4)?
-5
Let p(i) = -i**2 - i + 7. Calculate p(4).
-13
Let i(q) = q**2 + 30*q + 88. Calculate i(-27).
7
Let h(v) = -4*v**2 + 3*v - 3. Calculate h(2).
-13
Let n(b) = -b + 27. What is n(-12)?
39
Let z(u) = -u**2 + 27*u - 152. Give z(9).
10
Let x(n) = n - 8. Calculate x(3).
-5
Let u(s) = s**3 - s**2 - 6*s - 14. What is u(7)?
238
Let f(a) = -a**3 - 8*a**2 - 8*a + 14. Give f(-7).
21
Let k(x) = x**3 - 7*x**2 - 6*x + 8. Determine k(8).
24
Let b(y) = 2*y + 7. Determine b(7).
21
Let z(d) = -10*d - 103. Determine z(-10).
-3
Let p(m) = -2*m**2 + 11*m - 2. What is p(9)?
-65
Let u(h) = h**3 + 17*h**2 + 1. Give u(-17).
1
Let w(v) = v**2 - v - 20. Determine w(7).
22
Let u(y) = 2*y - 6. Give u(-9).
-24
Let y(c) = -c**2 + 67*c - 382. Determine y(6).
-16
Let h(k) = k**3 + 9*k**2 - 26*k + 127. Determine h(-12).
7
Let r(y) = 6*y. Give r(0).
0
Let c(m) = -20*m**3 - m**2 + m + 1. What is c(-1)?
19
Let c(k) = k**3 - 9*k**2 - 11*k - 9. Calculate c(10).
-19
Let k(h) = 16*h**2 - h + 1. Give k(1).
16
Let g(t) = -2*t + 20. Give g(5).
10
Let m(h) = -h**2 - 17*h - 23. Give m(-15).
7
Let s(l) = l**2 + 19*l + 36. Determine s(-17).
2
Let l(r) = -r**2 + 3*r - 5. Determine l(5).
-15
Let q(w) = -6*w**3 - 3*w**2 + 3*w + 6. What is q(-2)?
36
Let j(o) = 20*o - 216. Calculate j(11).
4
Let n(l) = 2*l**3 - 20*l**2 + 16*l + 25. Give n(9).
7
Let o(r) = r + 24. Calculate o(-22).
2
Let l(i) = -i**3 + 13*i**2 + 14*i + 8. Determine l(14).
8
Let x(n) = -2*n**2 - 45*n + 2. What is x(-23)?
-21
Let l(z) = z**3 + 8*z**2 + 8*z + 5. Determine l(-7).
-2
Let y(d) = -d**3 - 6*d**2 - 5*d - 6. What is y(-5)?
-6
Let p(q) = -55*q**3 + 2*q**2 - 2*q - 2. Calculate p(-1).
57
Let t(m) = 2*m**2 - 21*m + 1. What is t(10)?
-9
Let u(c) = 11*c + 3. Determine u(-1).
-8
Let o(w) = w**3 - 20*w**2 - 46*w + 40. What is o(22)?
-4
Let q(k) = k**2 + 15*k - 38. Determine q(-17).
-4
Let y(n) = 8*n + 290. Give y(-36).
2
Let m(a) = -a**3 + 13*a**2 + 37*a - 78. Determine m(15).
27
Let m(p) = p**3 - 9*p**2 + 2*p + 11. Calculate m(9).
29
Let z(n) = 8*n - 44. Give z(3).
-20
Let c(o) = -5*o + 35. Determine c(4).
15
Let v(d) = 2*d**2 - 9*d + 5. Determine v(6).
23
Let x(s) = s + 12. What is x(-9)?
3
Let m(t) = 3*t**3 - 8*t**2 + 14*t - 22. What is m(2)?
-2
Let z(i) = -38*i + 261. Give z(7).
-5
Let r(w) = -2*w**2 - 19*w - 15. What is r(-13)?
-106
Let u(f) = f**2 - 25*f - 2298. Give u(-37).
-4
Let c(l) = l**3 + 9*l**2 - l - 6. What is c(-9)?
3
Let k(g) = -g + 4. Determine k(4).
0
Let j(o) = 9*o + 1. Calculate j(1).
10
Let p(s) = -6*s**2 - 34*s - 25. Calculate p(-5).
-5
Let g(o) = 2*o**2 + 2*o + 3. Give g(-2).
7
Let i(r) = -r**2 + 20*r - 38. Give i(18).
-2
Let p(n) = 4*n - 12. Give p(6).
12
Let o(j) = j**3 + j**2 + j - 48. Determine o(0).
-48
Let j(b) = -b**3 - 35. Give j(0).
-35
Let j(r) = -r**2 + 4*r - 2. What is j(-4)?
-34
Let j(y) = -y + 10. What is j(-11)?
21
Let j(z) = 10*z - 32. Determine j(8).
48
Let o(q) = 8*q**2 - 3*q + 2. Determine o(1).
7
Let d(m) = -13*m + 8. Give d(5).
-57
Let f(b) = b**2 + 9*b + 14. What is f(-8)?
6
Let f(m) = -m**2 + 18*m - 43. What is f(3)?
2
Let x(f) = -f**3 - 7*f**2 + 10*f + 20. Give x(-8).
4
Let r(q) = -2*q**3 + 29*q**2 + 17*q - 33. Calculate r(15).
-3
Let w(b) = b + 26. Give w(0).
26
Let f(b) = 2*b - 2. Calculate f(-6).
-14
Let d(a) = a**2 + 6*a + 3. Calculate d(-7).
10
Let y(r) = r**2 - 10*r + 6. Give y(10).
6
Let r(o) = o**2 - 3*o - 17. What is r(6)?
1
Let f(i) = i**3 - 9*i**2 + 4*i - 37. Calculate f(9).
-1
Let s(r) = 4*r + 27. What is s(-9)?
-9
Let m(g) = 5*g**2 + g + 4. What is m(3)?
52
Let p(t) = -2*t + 50. Give p(24).
2
Let r(y) = 8*y + 3. What is r(-15)?
-117
Let y(u) = -u**3 + 7*u**2 - 5*u + 13. Calculate y(7).
-22
Let c(a) = -a**2 + 14*a + 71. Give c(18).
-1
Let o(m) = 4*m**3 - 2*m**2 + 4*m - 3. Calculate o(2).
29
Let w(z) = -z**3 - 8*z**2 + 8*z - 3. What is w(-9)?
6
Let j(a) = -a**2 - 5*a + 3. Give j(-6).
-3
Let w(t) = 27*t - 491. Calculate w(18).
-5
Let d(u) = 4*u**2 + 3*u + 5. What is d(-3)?
32
Let q(v) = 2*v + 16. Give q(11).
38
Let m(f) = -f**3 - 11*f**2 - 8*f + 7. Give m(-10).
-13
Let h(o) = 10*o + 32. Give h(-6).
-28
Let o(f) = -f**3 + 9*f**2 - 7*f - 2. Calculate o(8).
6
Let f(m) = -2*m**2 + 117*m + 364. Determine f(-3).
-5
Let a(q) 